Let k be ((-50)/8)/(v/(-8)). Suppose -2*w - 2*o = -190, 3*w - k - 242 = 3*o. What are the prime factors of w?
2, 23
Let s(z) = 49521*z**2 - 61*z - 61. What are the prime factors of s(-1)?
3, 17, 971
Let g(w) = w**2 - 2*w - 5. Let n be g(4). Suppose n*y = 3*f + 165, -2*f - 2*y + 3*y - 111 = 0. Let z = f + 95. List the prime factors of z.
3, 13
Let f(m) = -2*m**2 - 263*m - 653. What are the prime factors of f(-122)?
3, 5, 37
Suppose 0 = 12*v - 7*v - 10. Suppose 0 = v*r - 3*t - 1 + 3, -30 = -2*r - 5*t. Suppose 3*m = -i + 125, 23 - 3 = -r*i. What are the prime factors of m?
43
Let f be 1/(-5)*(-5480)/8. Let h be ((-3)/6)/((-2)/276). Let d = f - h. List the prime factors of d.
2, 17
Suppose -3*t = 15, -38*t + 55715 = 5*i - 40*t. List the prime factors of i.
13, 857
Let t(m) be the second derivative of -17*m - 13/6*m**3 + 16*m**2 + 1/20*m**5 - 17/12*m**4 + 0. List the prime factors of t(18).
2, 61
Let o(y) = 4*y**2 - 31*y + 8. Let c be o(7). Let i(h) = -5*h - 2. List the prime factors of i(c).
3, 7
Suppose 0 = -27*a + 25*a - 672. Let o be 1/(-1 - 342/a). Suppose 40 = 3*c - o. What are the prime factors of c?
2
Let r(g) = -2*g. Let j be r(-4). Let a(i) be the third derivative of i**5/60 - i**4/6 - i**3/2 - 7*i**2 + 12*i. What are the prime factors of a(j)?
29
Let h = 19521 + 45136. List the prime factors of h.
19, 41, 83
Let q = 33 - 15. Let o(g) = g**3 - 19*g**2 + 19*g - 18. Let n be o(q). What are the prime factors of 37 + 0 - (n + (-2)/1)?
3, 13
Let a(g) = -g + 3*g + 7 - 2*g - g. Let b be a(5). Suppose -4*f + 0*f - b*n = -118, -5*f = -n - 151. List the prime factors of f.
2, 3, 5
Let m = 5271 + 24663. List the prime factors of m.
2, 3, 1663
Let o(k) = -4*k**3 - 42*k**2 + 107*k + 45. What are the prime factors of o(-19)?
2, 37, 139
Let a(b) be the third derivative of -5*b**4/3 - 16*b**3/3 + 11*b**2. Suppose d = 4*v + 10, -2*d - 28 = 5*v - v. List the prime factors of a(d).
2, 13
Suppose 2*y + 3*w - 3 = 0, -3*w + 2 = -w. Let z be (y/2 - -1)/(4/(-204)). Let p = z + 70. List the prime factors of p.
19
Let p(j) = 27 - j - 8*j + 21 + 34*j. What are the prime factors of p(32)?
2, 53
Let t = 1 + 1. Let d be (-1661)/99 + 0 + t/(-9). What are the prime factors of (1 + d/3)*(-135)/6?
3, 5, 7
Let v be ((-12)/(-9))/(-4)*-33 + 1. Let b(t) = 2*t**3 - 22*t**2 - 15*t + 10. Let z be b(v). Suppose -z = i - 2*i. List the prime factors of i.
2, 59
Let m be (-2)/(-6)*1/(2/(-6)). Let f(p) = -389*p - 18. What are the prime factors of f(m)?
7, 53
Suppose 10*l + 57 - 17 = 0. Let r be ((1488/(-10))/l)/((-6)/(-80)). Suppose -3*b = 2*q - 0*q - r, -2*b = q - 330. List the prime factors of b.
2, 41
Let m be (-2 + -1*10)*28/(-21). Suppose -m*g + 441 = -551. List the prime factors of g.
2, 31
Let a = -94 + 98. Suppose -a*b + 42 = -1338. List the prime factors of b.
3, 5, 23
What are the prime factors of (-1406130)/(-440) - (-2)/8?
2, 17, 47
Suppose 0 = 6*l - 0*l + 198. Suppose 108 = 2*f + 3*s, 0*f = 2*f + 5*s - 100. Let z = l + f. What are the prime factors of z?
3
Suppose 409*x + 110658 = 3*b + 405*x, b + x = 36893. What are the prime factors of b?
2, 5, 7, 17, 31
Suppose -4*j - 5*x - 48 = -5*j, -4*j + x + 97 = 0. What are the prime factors of 1 + 10/(-2) + 113 + j?
2, 3, 11
Let f = 18 + -82. Let q = -76 - f. Let w(l) = -8*l - 24. What are the prime factors of w(q)?
2, 3
Suppose -4*u + 3*w + 36 = 0, 0 = -2*u + 2*w + 15 + 3. Suppose s + 3*x = 465, 2*x - u = 5*x. What are the prime factors of s?
2, 3, 79
Suppose 10*f = 87 + 13. List the prime factors of (f/15)/(2/918).
2, 3, 17
Let t = -4312 + 11006. List the prime factors of t.
2, 3347
Let t(x) = 48*x - 17. What are the prime factors of t(58)?
2767
List the prime factors of 39/((-468)/(-264)) + 493.
5, 103
Let q be (-16)/4 - (0 + (-8)/4). What are the prime factors of (1 + q)*(-3 + -251 + 8)?
2, 3, 41
Suppose -5*b = -127 - 158. Suppose -6 = 3*x - 6*x. Suppose -x*q + 3*q = b. List the prime factors of q.
3, 19
Suppose 0 = -2*y + 454 + 1178. What are the prime factors of ((-215)/20)/((-6)/y)?
2, 17, 43
Suppose -8 = 4*a + 28. Let s be (-228)/a + (-2)/6. Suppose 0 = 3*h + 4 - s. List the prime factors of h.
7
Let m = 13345 + -9902. List the prime factors of m.
11, 313
Let q(v) = -193*v - 368. List the prime factors of q(-10).
2, 11, 71
Let o be 46675/(-30) + 5/6. Let y = -1069 - o. List the prime factors of y.
2, 3
Let v(y) = 465*y**2 - 8*y - 372. List the prime factors of v(9).
3, 19, 653
Let b(u) = u**3 - 7*u**2 - 8*u. Let a be b(8). Suppose a = -8*r + r - 21. Let q(h) = -3*h**3 - 2*h**2 + 3*h + 2. What are the prime factors of q(r)?
2, 7
Let j be (-24)/2*3/(-1*3). Let u be j/72 + 122/(-12). List the prime factors of (-3)/((-9)/(-6)) - u.
2
Let s be ((-231)/(-9))/((-3)/99). Let d = s - -1295. List the prime factors of d.
2, 7
Let w(k) = 420*k - 3683. What are the prime factors of w(46)?
19, 823
Let i = 117 + -139. Suppose 2*x + 0*x - b = 76, 36 = x - b. Let s = i + x. What are the prime factors of s?
2, 3
Let b be (-151805)/291*(-6)/5. Suppose 0 = -w - 193 - 237. Let k = b + w. What are the prime factors of k?
2, 7
Suppose 0 = 2*r - 3*n - 18784, 0 = 2*r - 14*n + 18*n - 18784. List the prime factors of (r/24 - -6)*3.
2, 149
Let i(q) = -7*q - 11. Suppose 22*t - 17*t = -55. Let g be i(t). What are the prime factors of 22/g - (-14)/3?
5
Let l be ((-6)/(-10))/(24/80). Let v(o) = 3*o - 34*o**l - 9 + 7*o + 39*o**2. What are the prime factors of v(4)?
3, 37
List the prime factors of 7/((14/35576)/(44/88)).
2, 4447
Suppose 13*w - 23199 - 3593 = 5*w. List the prime factors of w.
17, 197
Suppose 0 = 285*w - 287*w + 10. Suppose -536 = -r - w*k, r + 2*k = -0*r + 524. List the prime factors of r.
2, 3, 43
Suppose -3*u - 7 - 2 = 0, 0 = -3*q - u + 178389. List the prime factors of q.
2, 7433
Let q be ((-36)/(-30) - 6)/(6/(-20)). Suppose 3*a = -d + 1 + q, 0 = 5*d - a - 5. Suppose 0*f = d*f - 118. What are the prime factors of f?
59
Let v = 176 + -170. Let t(c) = 81*c - 84. What are the prime factors of t(v)?
2, 3, 67
Let j = 15177 + -10364. List the prime factors of j.
4813
List the prime factors of 21/7*(-54920)/(-24).
5, 1373
Let v(m) = m**2 - 10*m + 30. Let c(p) = -p**2 - 4*p + 8. Let x be c(-6). Let r(s) = s**2 - s - 7. Let u be r(x). What are the prime factors of v(u)?
3, 23
Let r be -6 - (-28 - -14) - 8. Let z(j) = 38 + 3*j - 6*j - j. List the prime factors of z(r).
2, 19
Let o = -11242 + 28587. List the prime factors of o.
5, 3469
Suppose -272 = -4*l + 220. Suppose -4*a + 155 = 415. Let n = a + l. List the prime factors of n.
2, 29
Let p be 28/(-6)*(172548/(-14))/3. Suppose -30*u - p + 48992 = 0. List the prime factors of u.
2, 7, 71
Let z(d) = 121*d + 6. Let q be 3 - 1*(4 + -5). Let t be z(q). Suppose k + 2*x = -k + t, k - 4*x = 245. List the prime factors of k.
5, 7
Suppose -8 = -4*o - 0*o. Let w(u) = -o + 2 + 2 - 38*u + u. List the prime factors of w(-2).
2, 19
What are the prime factors of 18/(-33) - (-887359)/121?
7333
Suppose 0 = -5*x + 5*f + 153285, 35*x = 36*x - 2*f - 30651. List the prime factors of x.
3, 3407
Let l(w) = 250*w + 109. Let s(k) = 1248*k + 544. Let x(u) = -24*l(u) + 5*s(u). List the prime factors of x(4).
2, 7, 19
Suppose -4*h - 5*a - 4730 = -9*h, -3*h - 5*a = -2846. Suppose 1837 = 8*x - h. List the prime factors of x.
2, 3, 29
Suppose 3*o - 35 = -5*m + o, 5*m - 20 = o. Suppose 5*t + m*n - 85 - 45 = 0, 4*n = 3*t - 71. What are the prime factors of t?
5
Let v(d) = -d + 17. Let p be v(11). Let s be (-9)/6*(-152)/p. Suppose -n + s + 37 = 0. List the prime factors of n.
3, 5
Suppose 0 = -42*m + 297697 - 11467. What are the prime factors of m?
5, 29, 47
Suppose 629349 = 16*q + 21*q + 32*q. What are the prime factors of q?
7, 1303
Let j = 121047 + -67941. List the prime factors of j.
2, 3, 53, 167
Suppose 35*m - 24715 = -2*l + 36*m, 2*l = -4*m + 24740. List the prime factors of l.
2, 3, 5, 103
Let g(y) = -49*y**3 - 5*y**2 - 2*y + 1. Suppose -5 = 3*q - 2*v, -8*q + 4*q + v - 10 = 0. List the prime factors of g(q).
5, 257
Let s be 382318/266 - 2/7. Let x = -812 + s. What are the prime factors of x?
5
Suppose -2*l - 1942 = -11556. What are the prime factors of l?
11, 19, 23
Suppose -15*i = -39*i + 3*i + 122346. What are the prime factors of i?
2, 3, 971
Let z(c) = 2*c**3 - 27*c**2 - 66*c - 11. List the prime factors of z(21